ctors of 2286932.
2, 31, 18443
List the prime factors of 3965575.
5, 127, 1249
List the prime factors of 468954.
2, 3, 26053
List the prime factors of 2756843.
19, 373, 389
What are the prime factors of 1233165?
3, 5, 229, 359
List the prime factors of 243576.
2, 3, 17, 199
List the prime factors of 1446335.
5, 11, 26297
List the prime factors of 2823423.
3, 43, 509
What are the prime factors of 377050?
2, 5, 7541
What are the prime factors of 2051839?
2051839
List the prime factors of 6454045.
5, 13, 31, 3203
What are the prime factors of 150041?
150041
What are the prime factors of 703446?
2, 3, 117241
List the prime factors of 3646885.
5, 11, 61, 1087
List the prime factors of 6633813.
3, 293, 7547
What are the prime factors of 55015?
5, 11003
List the prime factors of 8477914.
2, 19, 223103
List the prime factors of 97045.
5, 13, 1493
List the prime factors of 24054851.
24054851
List the prime factors of 7128428.
2, 157, 11351
List the prime factors of 17291846.
2, 11, 13, 103, 587
List the prime factors of 1224592.
2, 76537
List the prime factors of 1111994.
2, 13, 19, 2251
List the prime factors of 12623921.
12623921
What are the prime factors of 433769?
7, 61967
List the prime factors of 59227.
7, 8461
List the prime factors of 1678729.
13, 263, 491
What are the prime factors of 807627?
3, 269209
What are the prime factors of 5874150?
2, 3, 5, 39161
List the prime factors of 6756999.
3, 71, 31723
What are the prime factors of 687916?
2, 229, 751
What are the prime factors of 4168424?
2, 13, 149, 269
List the prime factors of 12887.
7, 263
List the prime factors of 18479521.
18479521
What are the prime factors of 15852547?
15852547
List the prime factors of 253983.
3, 31, 2731
List the prime factors of 4194716.
2, 17, 61687
List the prime factors of 5710773.
3, 19, 100189
List the prime factors of 3842084.
2, 960521
List the prime factors of 3062948.
2, 7, 109391
What are the prime factors of 7108037?
83, 85639
What are the prime factors of 4023550?
2, 5, 80471
List the prime factors of 858602.
2, 17, 25253
What are the prime factors of 998422?
2, 499211
What are the prime factors of 1352547?
3, 7, 3067
What are the prime factors of 299984?
2, 18749
List the prime factors of 216841.
216841
What are the prime factors of 478196?
2, 119549
List the prime factors of 327943.
7, 11, 4259
What are the prime factors of 395454?
2, 3, 17, 3877
What are the prime factors of 1450630?
2, 5, 145063
What are the prime factors of 743948?
2, 185987
What are the prime factors of 5778222?
2, 3, 853, 1129
What are the prime factors of 674287?
71, 9497
List the prime factors of 4810895.
5, 19, 89, 569
What are the prime factors of 3587564?
2, 839, 1069
List the prime factors of 317595.
3, 5, 31, 683
What are the prime factors of 624502?
2, 312251
List the prime factors of 1160251.
1160251
List the prime factors of 2630378.
2, 157, 8377
What are the prime factors of 10550567?
19, 555293
What are the prime factors of 171728?
2, 10733
List the prime factors of 205813.
29, 47, 151
What are the prime factors of 685177?
685177
What are the prime factors of 104488?
2, 37, 353
What are the prime factors of 105829?
105829
What are the prime factors of 504574?
2, 7, 23, 1567
What are the prime factors of 1550890?
2, 5, 11, 23, 613
What are the prime factors of 24336114?
2, 3, 11, 368729
List the prime factors of 13852451.
47, 53, 67, 83
List the prime factors of 74682.
2, 3, 461
What are the prime factors of 217743?
3, 181, 401
List the prime factors of 459041.
11, 29, 1439
List the prime factors of 62955.
3, 5, 1399
What are the prime factors of 3698216?
2, 23, 101, 199
List the prime factors of 26219839.
23, 1139993
What are the prime factors of 27462408?
2, 3, 331, 3457
List the prime factors of 26162015.
5, 11, 83, 521
What are the prime factors of 348984?
2, 3, 37, 131
List the prime factors of 6772658.
2, 53, 181, 353
List the prime factors of 3708185.
5, 13, 89, 641
What are the prime factors of 761269?
809, 941
List the prime factors of 222400.
2, 5, 139
List the prime factors of 360239.
11, 32749
What are the prime factors of 1103897?
113, 9769
List the prime factors of 323689.
47, 71, 97
List the prime factors of 11519906.
2, 5759953
List the prime factors of 58699.
58699
What are the prime factors of 72007?
13, 29, 191
List the prime factors of 13025036.
2, 37, 88007
List the prime factors of 1898393.
7, 103, 2633
What are the prime factors of 240156?
2, 3, 7, 953
List the prime factors of 443269.
31, 79, 181
List the prime factors of 39756.
2, 3, 3313
List the prime factors of 4682872.
2, 43, 13613
List the prime factors of 850411.
43, 19777
List the prime factors of 16938021.
3, 853, 6619
List the prime factors of 5470845.
3, 5, 103, 3541
List the prime factors of 781480.
2, 5, 7, 2791
List the prime factors of 3778475.
5, 359, 421
List the prime factors of 1009282.
2, 173, 2917
List the prime factors of 195789.
3, 11, 17, 349
What are the prime factors of 122727?
3, 11, 3719
List the prime factors of 119497.
7, 43, 397
What are the prime factors of 716149?
7, 263, 389
List the prime factors of 20852837.
83, 277, 907
List the prime factors of 1538492.
2, 384623
List the prime factors of 26044252.
2, 13, 59, 653
What are the prime factors of 18598559?
7, 23, 331, 349
List the prime factors of 176425.
5, 7057
What are the prime factors of 2074451?
191, 10861
What are the prime factors of 42886304?
2, 509, 2633
What are the prime factors of 433346?
2, 389, 557
What are the prime factors of 1630387?
11, 103, 1439
What are the prime factors of 112330?
2, 5, 47, 239
List the prime factors of 557051.
11, 89, 569
List the prime factors of 209142.
2, 3, 1291
List the prime factors of 13053582.
2, 3, 53, 4561
What are the prime factors of 1377766?
2, 13, 19, 2789
List the prime factors of 2008195.
5, 7, 181, 317
What are the prime factors of 166941?
3, 229
What are the prime factors of 2273014?
2, 47, 24181
List the prime factors of 1373905.
5, 13, 23, 919
List the prime factors of 7736820.
2, 3, 5, 7, 13, 109
List the prime factors of 20808.
2, 3, 17
List the prime factors of 1129936.
2, 70621
What are the prime factors of 1162681?
13, 17, 5261
List the prime factors of 251265.
3, 5, 7, 2393
What are the prime factors of 5390335?
5, 331, 3257
List the prime factors of 251154.
2, 3, 4651
List the prime factors of 11921755.
5, 29, 82219
List the prime factors of 26026269.
3, 17, 510319
List the prime factors of 213200.
2, 5, 13, 41
What are the prime factors of 6635948?
2, 11, 67, 2251
List the prime factors of 185888.
2, 37, 157
List the prime factors of 4341037.
4341037
What are the prime factors of 24500689?
17, 1441217
List the prime factors of 1440106.
2, 720053
What are the prime factors of 13326491?
127, 104933
What are the prime factors of 589493?
589493
What are the prime factors of 5952407?
5952407
What are the prime factors of 596183?
7, 23
What are the prime factors of 85544?
2, 17, 37
List the prime factors of 141602.
2, 101, 701
What are the prime factors of 155018?
2, 77509
List the prime factors of 168081.
3, 179, 313
List the prime factors of 38167419.
3, 23, 353, 1567
What are the prime factors of 83100?
2, 3, 5, 277
List the prime factors of 743263.
743263
What are the prime factors of 234790?
2, 5, 53, 443
What are the prime factors of 250826?
2, 83, 1511
What are the prime factors of 132340?
2, 5, 13, 509
What are the prime factors of 28663?
28663
What are the prime factors of 5533083?
3, 101, 2029
What are the prime factors of 59557?
59557
What are the prime factors of 1243993?
73, 17041
What are the prime factors of 1065910?
2, 5, 106591
What are the prime factors of 396261?
3, 44029
What are the prime factors of 92904?
2, 3, 7, 79
What are the prime factors of 3864548?
2, 53, 18229
List the prime factors of 181513.
181513
List the prime factors of 42715165.
5, 907, 9419
What are the prime factors of 999130?
2, 5, 11, 31, 293
List the prime factors of 130811.
130811
List the prime factors of 2271707.
821, 2767
What are the prime factors of 1520625?
3, 5, 811
List the prime factors of 1020625.
5, 23, 71
List the prime factors of 9103507.
7, 1300501
What are the prime factors of 24119?
89, 271
What are the prime factors of 1627116?
2, 3, 13